{"id":28,"date":"2023-08-01T13:39:22","date_gmt":"2023-08-01T13:39:22","guid":{"rendered":"https:\/\/hargitaihanna.hu\/?page_id=28"},"modified":"2023-10-16T16:40:10","modified_gmt":"2023-10-16T16:40:10","slug":"elerhetoseg","status":"publish","type":"page","link":"https:\/\/hargitaihanna.hu\/?page_id=28","title":{"rendered":""},"content":{"rendered":"\n<p><\/p>\n\n\n\n<p class=\"has-text-align-left has-medium-font-size\"><strong>Id\u0151pontot a lentebb tal\u00e1lhat\u00f3 el\u00e9rhet\u0151s\u00e9geim egyik\u00e9n <\/strong>tud velem egyeztetni. Emailen t\u00f6rt\u00e9n\u0151 bejelentkez\u00e9s eset\u00e9n k\u00e9rem, hogy r\u00f6viden fogalmazza meg, milyen neh\u00e9zs\u00e9ggel szeretne hozz\u00e1m fordulni.<\/p>\n\n\n\n<p class=\"has-medium-font-size\">Email: <a href=\"mailto:hargitai.hannalilla@gmail.com\">hargitai.hannalilla@gmail.com<\/a>&nbsp;<\/p>\n\n\n\n<p class=\"has-medium-font-size\">Telefon: +36 30\/6644-580<\/p>\n\n\n\n<p class=\"has-medium-font-size\"><strong>Szem\u00e9lyes<\/strong> \u00e9s <strong>online (Skype, Google Meet)<\/strong> konzult\u00e1ci\u00f3ra egyar\u00e1nt lehet\u0151s\u00e9g van.<\/p>\n\n\n\n<p class=\"has-medium-font-size\">Rendel\u0151im Budapesten a<strong> II. ker\u00fcletb<\/strong>en a <strong>Mechwart ligett\u0151l <\/strong>kb. 5 perc s\u00e9t\u00e1ra, valamint az <strong>V. ker\u00fcletben az Astoria mellett<\/strong> tal\u00e1lhat\u00f3k. <\/p>\n\n\n\n<p><\/p>\n\n\n<div class=\"wp-block-image is-resized\">\n<figure class=\"aligncenter size-full\"><img loading=\"lazy\" decoding=\"async\" width=\"777\" height=\"581\" src=\"https:\/\/hargitaihanna.hu\/wp-content\/uploads\/2023\/08\/image.png\" alt=\"\" class=\"wp-image-76\" style=\"aspect-ratio:1.3373493975903614;width:609px;height:auto\" srcset=\"https:\/\/hargitaihanna.hu\/wp-content\/uploads\/2023\/08\/image.png 777w, https:\/\/hargitaihanna.hu\/wp-content\/uploads\/2023\/08\/image-300x224.png 300w, https:\/\/hargitaihanna.hu\/wp-content\/uploads\/2023\/08\/image-768x574.png 768w\" sizes=\"auto, (max-width: 777px) 100vw, 777px\" \/><figcaption class=\"wp-element-caption\">Mechwart liget melletti rendel\u0151<\/figcaption><\/figure>\n<\/div>\n\n<div class=\"wp-block-image\">\n<figure class=\"aligncenter size-large is-resized\"><img loading=\"lazy\" decoding=\"async\" width=\"1200\" height=\"1599\" src=\"https:\/\/hargitaihanna.hu\/wp-content\/uploads\/2023\/10\/4-768x1024.jpeg\" alt=\"\" class=\"wp-image-232\" style=\"aspect-ratio:0.75;width:341px;height:auto\" srcset=\"https:\/\/hargitaihanna.hu\/wp-content\/uploads\/2023\/10\/4-768x1023.jpeg 768w, https:\/\/hargitaihanna.hu\/wp-content\/uploads\/2023\/10\/4-225x300.jpeg 225w, https:\/\/hargitaihanna.hu\/wp-content\/uploads\/2023\/10\/4-1153x1536.jpeg 1153w, https:\/\/hargitaihanna.hu\/wp-content\/uploads\/2023\/10\/4-1140x1519.jpeg 1140w, https:\/\/hargitaihanna.hu\/wp-content\/uploads\/2023\/10\/4.jpeg 1200w\" sizes=\"auto, (max-width: 1200px) 100vw, 1200px\" \/><figcaption class=\"wp-element-caption\">Astoria melletti rendel\u0151<\/figcaption><\/figure>\n<\/div>\n\n<div class=\"wp-block-image\">\n<figure class=\"alignright size-large is-resized\"><img loading=\"lazy\" decoding=\"async\" width=\"768\" height=\"1024\" src=\"https:\/\/hargitaihanna.hu\/wp-content\/uploads\/2023\/10\/10-768x1024.jpeg\" alt=\"\" class=\"wp-image-233\" style=\"aspect-ratio:0.75;width:303px;height:auto\" srcset=\"https:\/\/hargitaihanna.hu\/wp-content\/uploads\/2023\/10\/10-768x1023.jpeg 768w, https:\/\/hargitaihanna.hu\/wp-content\/uploads\/2023\/10\/10-225x300.jpeg 225w, https:\/\/hargitaihanna.hu\/wp-content\/uploads\/2023\/10\/10-1153x1536.jpeg 1153w, https:\/\/hargitaihanna.hu\/wp-content\/uploads\/2023\/10\/10-1140x1519.jpeg 1140w, https:\/\/hargitaihanna.hu\/wp-content\/uploads\/2023\/10\/10.jpeg 1200w\" sizes=\"auto, (max-width: 768px) 100vw, 768px\" \/><\/figure>\n<\/div>\n\n<div class=\"wp-block-image\">\n<figure class=\"alignleft size-large is-resized\"><img loading=\"lazy\" decoding=\"async\" width=\"768\" height=\"1024\" src=\"https:\/\/hargitaihanna.hu\/wp-content\/uploads\/2023\/10\/16-768x1024.jpeg\" alt=\"\" class=\"wp-image-234\" style=\"aspect-ratio:0.75;width:303px;height:auto\" srcset=\"https:\/\/hargitaihanna.hu\/wp-content\/uploads\/2023\/10\/16-768x1023.jpeg 768w, https:\/\/hargitaihanna.hu\/wp-content\/uploads\/2023\/10\/16-225x300.jpeg 225w, https:\/\/hargitaihanna.hu\/wp-content\/uploads\/2023\/10\/16-1153x1536.jpeg 1153w, https:\/\/hargitaihanna.hu\/wp-content\/uploads\/2023\/10\/16-1140x1519.jpeg 1140w, https:\/\/hargitaihanna.hu\/wp-content\/uploads\/2023\/10\/16.jpeg 1200w\" sizes=\"auto, (max-width: 768px) 100vw, 768px\" \/><\/figure>\n<\/div>","protected":false},"excerpt":{"rendered":"<p>Id\u0151pontot a lentebb tal\u00e1lhat\u00f3 el\u00e9rhet\u0151s\u00e9geim egyik\u00e9n tud velem egyeztetni. Emailen t\u00f6rt\u00e9n\u0151 bejelentkez\u00e9s eset\u00e9n k\u00e9rem, hogy r\u00f6viden fogalmazza meg, milyen neh\u00e9zs\u00e9ggel szeretne hozz\u00e1m fordulni. Email: hargitai.hannalilla@gmail.com&nbsp; Telefon: +36 30\/6644-580 Szem\u00e9lyes \u00e9s online (Skype, Google Meet) konzult\u00e1ci\u00f3ra egyar\u00e1nt lehet\u0151s\u00e9g van. Rendel\u0151im Budapesten a II. ker\u00fcletben a Mechwart ligett\u0151l kb. 5 perc s\u00e9t\u00e1ra, valamint az V. ker\u00fcletben az Astoria mellett tal\u00e1lhat\u00f3k.<\/p>\n","protected":false},"author":1,"featured_media":0,"parent":0,"menu_order":0,"comment_status":"closed","ping_status":"closed","template":"","meta":{"footnotes":""},"class_list":["post-28","page","type-page","status-publish","hentry"],"_links":{"self":[{"href":"https:\/\/hargitaihanna.hu\/index.php?rest_route=\/wp\/v2\/pages\/28","targetHints":{"allow":["GET"]}}],"collection":[{"href":"https:\/\/hargitaihanna.hu\/index.php?rest_route=\/wp\/v2\/pages"}],"about":[{"href":"https:\/\/hargitaihanna.hu\/index.php?rest_route=\/wp\/v2\/types\/page"}],"author":[{"embeddable":true,"href":"https:\/\/hargitaihanna.hu\/index.php?rest_route=\/wp\/v2\/users\/1"}],"replies":[{"embeddable":true,"href":"https:\/\/hargitaihanna.hu\/index.php?rest_route=%2Fwp%2Fv2%2Fcomments&post=28"}],"version-history":[{"count":12,"href":"https:\/\/hargitaihanna.hu\/index.php?rest_route=\/wp\/v2\/pages\/28\/revisions"}],"predecessor-version":[{"id":241,"href":"https:\/\/hargitaihanna.hu\/index.php?rest_route=\/wp\/v2\/pages\/28\/revisions\/241"}],"wp:attachment":[{"href":"https:\/\/hargitaihanna.hu\/index.php?rest_route=%2Fwp%2Fv2%2Fmedia&parent=28"}],"curies":[{"name":"wp","href":"https:\/\/api.w.org\/{rel}","templated":true}]}}